1010011110111000 (base 2) to base 5
-2333221
41700775 (base 8) to base 13
1abc21c
What is 67208 (base 13) in base 7?
1406312
-11101010010100101011 (base 2) to base 4
-3222110223
-15bcb2 (base 13) to base 7
-4410423
Convert -10001000110111010 (base 2) to base 15.
-15b69
What is -1320213233 (base 4) in base 8?
-1704757
Convert -474425 (base 10) to base 8.
-1636471
What is -11011001111010100 (base 2) in base 15?
-230d2
What is -84a63 (base 12) in base 11?
-109a69
95917 (base 13) to base 9
450707
-16246 (base 8) to base 7
-30245
-4c4916 (base 13) to base 4
-13000302120
Convert 250b478 (base 12) to base 13.
1664654
-1553a01 (base 13) to base 10
-6834361
Convert 77520 (base 11) to base 5.
12044211
-52414145 (base 6) to base 3
-2212112201102
What is 92170c (base 14) in base 12?
1794028
-4532640 (base 7) to base 14
-109190
4c3 (base 13) to base 2
1101000011
Convert 187491 (base 12) to base 6.
13055101
abce5 (base 15) to base 10
546290
Convert 3321221 (base 4) to base 7.
64403
4425043 (base 7) to base 5
114404442
-1101100001111 (base 2) to base 16
-1b0f
5369762 (base 10) to base 11
3038422
What is -1130003310 (base 4) in base 15?
-76ad6
-3a389 (base 11) to base 13
-2034c
-1101446 (base 8) to base 9
-500575
20240450 (base 6) to base 5
122041112
112045 (base 11) to base 15
37cd8
What is -913938 (base 16) in base 5?
-4414023433
240716 (base 8) to base 14
22046
-641e (base 16) to base 2
-110010000011110
Convert 1104a9 (base 11) to base 6.
3440103
Convert 15065 (base 8) to base 16.
1a35
What is -79640 (base 12) in base 11?
-100474
Convert -53163 (base 9) to base 15.
-a620
What is -531773 (base 16) in base 12?
-19a73ab
Convert 101110111110001 (base 2) to base 14.
8a9b
Convert -10022022220 (base 3) to base 16.
-fe61
Convert -84362 (base 9) to base 15.
-11788
-25a44 (base 11) to base 6
-444111
-10001102121 (base 3) to base 2
-1110101010111011
f8852 (base 16) to base 4
3320201102
100011122220 (base 3) to base 15
38766
Convert -304401243 (base 6) to base 13.
-11209b3
What is 11001101101011110 (base 2) in base 3?
12100110101
What is 192151 (base 13) in base 3?
1012011021101
What is 1101100001111111101010 (base 2) in base 8?
15417752
Convert -2a0339 (base 14) to base 2.
-101100100100011011111
2dc323 (base 14) to base 7
16446543
Convert -100110000000111 (base 2) to base 3.
-222200212
What is -39672b5 (base 12) in base 10?
-11334377
112112121102 (base 3) to base 14
76439
What is 2a737 (base 14) in base 4?
121303131
1110100000000110101 (base 2) to base 6
14103541
What is -19760 (base 15) in base 7?
-463002
What is 1a7939 (base 14) in base 12?
39587b
What is 201443 (base 11) in base 13?
b45c4
Convert 10222101202021 (base 3) to base 5.
1020121133
Convert -15a5ab7 (base 13) to base 3.
-111010201002211
What is -51b1b (base 13) in base 7?
-1151144
Convert 1171210 (base 11) to base 4.
13301033023
-21120144 (base 5) to base 14
-4836b
21241666 (base 7) to base 5
430334023
Convert -1000101100110001100101 (base 2) to base 11.
-1318457
What is -2430240343 (base 5) in base 2?
-10101110010100001100101
2868a2 (base 15) to base 4
13123011200
44b083 (base 13) to base 5
403424230
338c8 (base 14) to base 12
60574
100010010010001100011 (base 2) to base 8
4222143
What is 19769 (base 12) in base 16?
9201
1100111110001001111 (base 2) to base 13
11b604
What is -11010010011111101 (base 2) in base 14?
-2b3c1
32540444 (base 7) to base 4
22223202302
What is -10001001000101110001110 (base 2) in base 6?
-240141034
96a72 (base 16) to base 9
1140417
What is 1340646 (base 10) in base 16?
1474e6
Convert -213520 (base 6) to base 16.
-4518
1543326 (base 7) to base 14
57616
What is -18615a (base 13) in base 2?
-10010101101101010111
-1611194 (base 10) to base 3
-10000212010212
What is 5b375a (base 12) in base 6?
51404554
Convert -66573466 (base 8) to base 12.
-4980586
Convert -455354024 (base 6) to base 11.
-4805672
Convert -1c2358 (base 14) to base 12.
-4056b6
Convert 2670293 (base 11) to base 9.
8608742
-16bac3 (base 14) to base 11
-4a7590
-3045350 (base 6) to base 13
-51813
3213130 (base 8) to base 16
d1658
What is 51da5 (base 16) in base 13?
b97ac
Convert 2a12a21 (base 12) to base 11.
4876686
300002031001 (base 4) to base 10
12591937
What is -223441304 (base 5) in base 11?
-622aa9
What is -63473042 (base 8) in base 14?
-1b22dd8
-11011003210 (base 4) to base 8
-5050344
Convert -22111210221022 (base 3) to base 2.
-10001010000010110000111
-13333551 (base 7) to base 9
-2282613
-3310110212 (base 4) to base 2
-11110100010100100110
What is 143222203 (base 5) in base 4?
2321000223
Convert -520412251 (base 6) to base 14.
-12a07c3
-1011001001001100100 (base 2) to base 3
-200112220022
6467140 (base 8) to base 7
20503060
11100010111110101 (base 2) to base 16
1c5f5
-55840 (base 16) to base 7
-2656126
Convert 621526 (base 11) to base 8.
3634260
3baa4b (base 15) to base 12
b655bb
What is 1550505 (base 9) in base 6?
30233005
-9307 (base 13) to base 16
-4f3f
-11221340 (base 5) to base 13
-37255
Convert -102210102110 (base 3) to base 10.
-232131
-30113 (base 11) to base 5
-2402213
-103682 (base 9) to base 6
-1154032
-37068 (base 15) to base 6
-3432542
What is 3952365 (base 10) in base 15?
531110
Convert 142550 (base 6) to base 7.
54441
What is 10010111100101 (base 3) in base 12?
68253a
What is 6662450 (base 8) in base 11?
1016983
131031010 (base 4) to base 3
20002002101
Convert -a02c5 (base 13) to base 9.
-475418
What is e8ef6 (base 16) in base 15?
13ca6c
What is 10227236 (base 8) in base 3?
11002111000120
What is 161585 (base 12) in base 4?
1123233311
13243211 (base 5) to base 11
918a3
-214283 (base 9) to base 14
-34816
Convert 219412 (base 12) to base 5.
114101132
1c5921 (base 15) to base 8
5222516
What is 88125 (base 15) in base 11?
275844
Convert -954715 (base 11) to base 9.
-2780163
-1101111101011000 (base 2) to base 3
-2220102122
-46337 (base 12) to base 8
-267133
Convert 201000210201001 (base 3) to base 12.
347866a
Convert 3bd35 (base 14) to base 16.
2423b
Convert 33440 (base 10) to base 4.
20022200
-10001000100000011001 (base 2) to base 7
-4516054
-465272 (base 8) to base 11
-a9005
Convert 3225d2 (base 16) to base 11.
1945201
Convert 461506 (base 8) to base 12.
76686
What is 278d0 (base 16) in base 9?
266200
-111100100100001111000000 (base 2) to base 8
-74441700
451444220 (base 6) to base 16
7d2734
What is -322010111 (base 4) in base 9?
-402232
Convert -408c23 (base 13) to base 6.
-52130405
What is -14202201 (base 7) in base 9?
-2444363
Convert -231b06 (base 13) to base 16.
-cb34b
27a9820 (base 11) to base 16
49b2a2
-2e451 (base 15) to base 9
-247034
Convert 4756047 (base 8) to base 6.
43521355
Convert 525689 (base 14) to base 13.
764a59
What is 220332300 (base 4) in base 3?
22112020220
40377 (base 15) to base 13
716b6
-111020101011120 (base 3) to base 11
-3a74a28
Convert bfc4 (base 16) to base 10.
49092
Convert 2c373 (base 13) to base 2.
10100100001110111
What is 3a10d4 (base 15) in base 7?
32461063
What is -4403605 (base 8) in base 7?
-13020551
Convert 20213202130 (base 4) to base 3.
11020202220101
Convert -20122220022 (base 3) to base 6.
-2451055
Convert -8c86b (base 15) to base 12.
-196ab5
-110412 (base 9) to base 10
-65945
Convert 1323230203 (base 4) to base 12.
205257
Convert 111000011121 (base 3) to base 2.
111110100000000011
cb43a (base 13) to base 12
1588b4
Convert b9bc30 (base 14) to base 13.
13c4cb7
Convert -16527 (base 14) to base 3.
-2211200012
What is -2680c (base 14) in base 4?
-113022130
What is -1614 (base 11) in base 14?
-a80
-3045298 (base 10) to base 2
-1011100111011110110010
What is -43131322 (base 6) in base 2?
-100110110011110100010
Convert -19939e (base 15) to base 11.
-781319
What is 1c996 (base 14) in base 7?
423346
-1626142 (base 7) to base 15
-46bda
What is -100000221011 (base 3) in base 6?
-3451134
5a26ac (base 13) to base 4
20030110221
Convert 10402572 (base 8) to base 3.
11012021110202
-101001100000011110011 (base 2) to base 14
-275951
Convert 68ade (base 16) to base 15.
87096
What is -10223000003 (base 4) in base 10?
-1224707
Convert 71625 (base 9) to base 8.
134075
211202001110 (base 3) to base 16
6d49d
What is -132524034 (base 7) in base 8?
-40520502
What is -10011110111101101 (base 2) in base 14?
-21937
Convert -36603002 (base 7) to base 6.
-154133432
-147606 (base 9) t